{"id":6517,"date":"2026-02-13T21:56:41","date_gmt":"2026-02-13T20:56:41","guid":{"rendered":"https:\/\/www.rodinnagymnastika.cz\/?page_id=6517"},"modified":"2026-02-16T22:43:44","modified_gmt":"2026-02-16T21:43:44","slug":"kdo-jsme","status":"publish","type":"page","link":"https:\/\/www.rodinnagymnastika.cz\/en\/kdo-jsme","title":{"rendered":"Who we are?"},"content":{"rendered":"<div class=\"wpb-content-wrapper\"><div data-vc-full-width=\"true\" data-vc-full-width-init=\"false\" class=\"vc_row wpb_row vc_row-fluid vc_custom_1771277130966\"><div class=\"wpb_column vc_column_container vc_col-sm-12 vc_col-has-fill\"><div class=\"vc_column-inner vc_custom_1771277572807\"><div class=\"wpb_wrapper\">\n\t<div class=\"wpb_raw_code wpb_raw_html wpb_content_element vc_custom_1771277523949 team_members_page\" >\n\t\t<div class=\"wpb_wrapper\">\n\t\t\t\n<section class=\"team-section\">\n    <!-- Andrea Jav\u016frkov\u00e1 -->\n    <div class=\"team-member\">\n        <div class=\"team-photo-wrapper\">\n            <div class=\"team-photo-frame\"><\/div>\n            <img decoding=\"async\" src=\"https:\/\/www.rodinnagymnastika.cz\/wp-content\/uploads\/2025\/11\/trener_Andrea.jpg\" alt=\"Andrea Jav\u016frkov\u00e1\">\n        <\/div>\n        <div class=\"team-content\">\n            <h3 class=\"team-name\">Andrea Jav\u016frkov\u00e1<\/h3>\n            <p class=\"team-subtitle\">Project Patron and Founder<\/p>\n            <ul class=\"team-details\">\n                <li>Former professional gymnast and mother of 10-year-old Andrej with Autism.<\/li>\n                <li>Thanks to her own experience, she helps children and parents overcome barriers that arise when integrating into mainstream society.<\/li>\n                <li>Her training sessions <strong>combine sports practice with personal experience<\/strong> , which she passes on to both parents and children.<\/li>\n            <\/ul>\n        <\/div>\n    <\/div>\n\n    <!-- Gabriela Machov\u00e1 -->\n    <div class=\"team-member\">\n        <div class=\"team-photo-wrapper\">\n            <div class=\"team-photo-frame\"><\/div>\n            <img decoding=\"async\" src=\"https:\/\/www.rodinnagymnastika.cz\/wp-content\/uploads\/2015\/04\/Gabriela_Machova-scaled.jpg\" alt=\"Gabriela Machov\u00e1\">\n        <\/div>\n        <div class=\"team-content\">\n            <h3 class=\"team-name\">Gabriela Machov\u00e1<\/h3>\n            <p class=\"team-subtitle\">Instructor<\/p>\n            <ul class=\"team-details\">\n                <li>Experienced gymnast and holder of sports licenses, referee of the Czech Association of Sports for All (\u010cASPV)...<\/li>\n                <li>She leads training sessions so that both the child and parent <strong>feel joy from movement<\/strong> without pressure to perform.<\/li>\n                <li>She emphasizes <strong>mutual support and a safe environment<\/strong> during exercise.<\/li>\n            <\/ul>\n        <\/div>\n    <\/div>\n\n    <!-- Tom\u00e1\u0161 Ku\u010da -->\n    <div class=\"team-member\">\n        <div class=\"team-photo-wrapper\">\n            <div class=\"team-photo-frame\"><\/div>\n            <img decoding=\"async\" src=\"https:\/\/www.rodinnagymnastika.cz\/wp-content\/uploads\/2025\/11\/Tomas_Kuca-scaled.jpg\" alt=\"Tom\u00e1\u0161 Ku\u010da\">\n        <\/div>\n        <div class=\"team-content\">\n            <h3 class=\"team-name\">Tom\u00e1\u0161 Ku\u010da<\/h3>\n            <p class=\"team-subtitle\">Special Education Teacher<\/p>\n            <ul class=\"team-details\">\n                <li>Deputy Director at M\u0160 Mil\u00ed\u010d\u016fv d\u016fm, specialist in working with children with <strong>ADHD, ASD and behavioral disorders.<\/strong><\/li>\n                <li>He focuses on connecting special education, psychology and the social sphere - with overlap into cultural and educational work.<\/li>\n                <li>He is known for his <strong>thoroughness, reliability and ability to establish natural relationships with both children and parents.<\/strong><\/li>\n                <li>His support helps families better understand the child's needs and create an environment in which they can grow and succeed.<\/li>\n            <\/ul>\n        <\/div>\n    <\/div>\n<\/section>\n\n\t\t<\/div>\n\t<\/div>\n<\/div><\/div><\/div><\/div><div class=\"vc_row-full-width vc_clearfix\"><\/div><div class=\"vc_row wpb_row vc_row-fluid floating-promo\"><div class=\"wpb_column vc_column_container vc_col-sm-12\"><div class=\"vc_column-inner\"><div class=\"wpb_wrapper\">\n\t<div  class=\"wpb_single_image wpb_content_element vc_align_left wpb_content_element vc_custom_1765843465879\">\n\t\t\n\t\t<figure class=\"wpb_wrapper vc_figure\">\n\t\t\t<a href=\"\/en\/ukazkovy-trenink\/\" target=\"_self\" class=\"vc_single_image-wrapper   vc_box_border_grey\"><img loading=\"lazy\" decoding=\"async\" width=\"150\" height=\"150\" src=\"https:\/\/www.rodinnagymnastika.cz\/wp-content\/uploads\/2026\/01\/nabor_samolepka_en.png\" class=\"vc_single_image-img attachment-thumbnail\" alt=\"Ikona prob\u00edhaj\u00edc\u00ed n\u00e1bor Rodinn\u00e1 gymnastika Praha\" title=\"enrollment_sticker\" srcset=\"https:\/\/www.rodinnagymnastika.cz\/wp-content\/uploads\/2026\/01\/nabor_samolepka_en.png 600w, https:\/\/www.rodinnagymnastika.cz\/wp-content\/uploads\/2026\/01\/nabor_samolepka_en-300x300.png 300w, https:\/\/www.rodinnagymnastika.cz\/wp-content\/uploads\/2026\/01\/nabor_samolepka_en-150x150.png 150w, https:\/\/www.rodinnagymnastika.cz\/wp-content\/uploads\/2026\/01\/nabor_samolepka_en-12x12.png 12w, https:\/\/www.rodinnagymnastika.cz\/wp-content\/uploads\/2026\/01\/nabor_samolepka_en-200x200.png 200w, https:\/\/www.rodinnagymnastika.cz\/wp-content\/uploads\/2026\/01\/nabor_samolepka_en-120x120.png 120w, https:\/\/www.rodinnagymnastika.cz\/wp-content\/uploads\/2026\/01\/nabor_samolepka_en-370x370.png 370w\" sizes=\"auto, (max-width: 150px) 100vw, 150px\" \/><\/a>\n\t\t<\/figure>\n\t<\/div>\n<\/div><\/div><\/div><\/div>\n<\/div>","protected":false},"excerpt":{"rendered":"Andrea Jav\u016frkov\u00e1 Patronka projektu a zakladatelka B\u00fdvala profesion\u00e1ln\u00ed gymnastka a matka 10let\u00e9ho Andreje s PAS. D\u00edky vlastn\u00ed zku\u0161enosti pom\u00e1h\u00e1 d\u011btem a rodi\u010d\u016fm p\u0159ekon\u00e1vat bari\u00e9ry, kter\u00e9 vznikaj\u00ed p\u0159i za\u010dle\u0148ov\u00e1n\u00ed do b\u011b\u017en\u00e9 spole\u010dnosti. Jej\u00ed tr\u00e9ninky spojuj\u00ed sportovn\u00ed praxi s osobn\u00ed zku\u0161enost\u00ed, kterou p\u0159ed\u00e1v\u00e1 rodi\u010d\u016fm i d\u011btem. Gabriela Machov\u00e1 Lektorka Zku\u0161en\u00e1 gymnastka a [...]","protected":false},"author":1,"featured_media":0,"parent":0,"menu_order":0,"comment_status":"closed","ping_status":"closed","template":"","meta":{"footnotes":""},"class_list":["post-6517","page","type-page","status-publish","hentry"],"_links":{"self":[{"href":"https:\/\/www.rodinnagymnastika.cz\/en\/wp-json\/wp\/v2\/pages\/6517","targetHints":{"allow":["GET"]}}],"collection":[{"href":"https:\/\/www.rodinnagymnastika.cz\/en\/wp-json\/wp\/v2\/pages"}],"about":[{"href":"https:\/\/www.rodinnagymnastika.cz\/en\/wp-json\/wp\/v2\/types\/page"}],"author":[{"embeddable":true,"href":"https:\/\/www.rodinnagymnastika.cz\/en\/wp-json\/wp\/v2\/users\/1"}],"replies":[{"embeddable":true,"href":"https:\/\/www.rodinnagymnastika.cz\/en\/wp-json\/wp\/v2\/comments?post=6517"}],"version-history":[{"count":17,"href":"https:\/\/www.rodinnagymnastika.cz\/en\/wp-json\/wp\/v2\/pages\/6517\/revisions"}],"predecessor-version":[{"id":6540,"href":"https:\/\/www.rodinnagymnastika.cz\/en\/wp-json\/wp\/v2\/pages\/6517\/revisions\/6540"}],"wp:attachment":[{"href":"https:\/\/www.rodinnagymnastika.cz\/en\/wp-json\/wp\/v2\/media?parent=6517"}],"curies":[{"name":"wp","href":"https:\/\/api.w.org\/{rel}","templated":true}]}}

<div class="wpb-content-wrapper"><div data-vc-full-width="true" data-vc-full-width-init="false" class="vc_row wpb_row vc_row-fluid vc_custom_1771277130966"><div class="wpb_column vc_column_container vc_col-sm-12 vc_col-has-fill"><div class="vc_column-inner vc_custom_1771277572807"><div class="wpb_wrapper">
	<div class="wpb_raw_code wpb_raw_html wpb_content_element vc_custom_1771277523949 team_members_page" >
		<div class="wpb_wrapper">
			
<section class="team-section">
    <!-- Andrea Javůrková -->
    <div class="team-member">
        <div class="team-photo-wrapper">
            <div class="team-photo-frame"></div>
            <img decoding="async" src="https://www.rodinnagymnastika.cz/wp-content/uploads/2025/11/trener_Andrea.jpg" alt="Andrea Javůrková">
        </div>
        <div class="team-content">
            <h3 class="team-name">Andrea Javůrková</h3>
            <p class="team-subtitle">Project Patron and Founder</p>
            <ul class="team-details">
                <li>Former professional gymnast and mother of 10-year-old Andrej with Autism.</li>
                <li>Thanks to her own experience, she helps children and parents overcome barriers that arise when integrating into mainstream society.</li>
                <li>Her training sessions <strong>combine sports practice with personal experience</strong> , which she passes on to both parents and children.</li>
            </ul>
        </div>
    </div>

    <!-- Gabriela Machová -->
    <div class="team-member">
        <div class="team-photo-wrapper">
            <div class="team-photo-frame"></div>
            <img decoding="async" src="https://www.rodinnagymnastika.cz/wp-content/uploads/2015/04/Gabriela_Machova-scaled.jpg" alt="Gabriela Machová">
        </div>
        <div class="team-content">
            <h3 class="team-name">Gabriela Machová</h3>
            <p class="team-subtitle">Instructor</p>
            <ul class="team-details">
                <li>Experienced gymnast and holder of sports licenses, referee of the Czech Association of Sports for All (ČASPV)...</li>
                <li>She leads training sessions so that both the child and parent <strong>feel joy from movement</strong> without pressure to perform.</li>
                <li>She emphasizes <strong>mutual support and a safe environment</strong> during exercise.</li>
            </ul>
        </div>
    </div>

    <!-- Tomáš Kuča -->
    <div class="team-member">
        <div class="team-photo-wrapper">
            <div class="team-photo-frame"></div>
            <img decoding="async" src="https://www.rodinnagymnastika.cz/wp-content/uploads/2025/11/Tomas_Kuca-scaled.jpg" alt="Tomáš Kuča">
        </div>
        <div class="team-content">
            <h3 class="team-name">Tomáš Kuča</h3>
            <p class="team-subtitle">Special Education Teacher</p>
            <ul class="team-details">
                <li>Deputy Director at MŠ Milíčův dům, specialist in working with children with <strong>ADHD, ASD and behavioral disorders.</strong></li>
                <li>He focuses on connecting special education, psychology and the social sphere - with overlap into cultural and educational work.</li>
                <li>He is known for his <strong>thoroughness, reliability and ability to establish natural relationships with both children and parents.</strong></li>
                <li>His support helps families better understand the child's needs and create an environment in which they can grow and succeed.</li>
            </ul>
        </div>
    </div>
</section>

		</div>
	</div>
</div></div></div></div><div class="vc_row-full-width vc_clearfix"></div><div class="vc_row wpb_row vc_row-fluid floating-promo"><div class="wpb_column vc_column_container vc_col-sm-12"><div class="vc_column-inner"><div class="wpb_wrapper">
	<div  class="wpb_single_image wpb_content_element vc_align_left wpb_content_element vc_custom_1765843465879">
		
		<figure class="wpb_wrapper vc_figure">
			<a href="/en/ukazkovy-trenink/" target="_self" class="vc_single_image-wrapper   vc_box_border_grey"><img loading="lazy" decoding="async" width="150" height="150" src="https://www.rodinnagymnastika.cz/wp-content/uploads/2026/01/nabor_samolepka_en.png" class="vc_single_image-img attachment-thumbnail" alt="Ikona probíhající nábor Rodinná gymnastika Praha" title="enrollment_sticker" srcset="https://www.rodinnagymnastika.cz/wp-content/uploads/2026/01/nabor_samolepka_en.png 600w, https://www.rodinnagymnastika.cz/wp-content/uploads/2026/01/nabor_samolepka_en-300x300.png 300w, https://www.rodinnagymnastika.cz/wp-content/uploads/2026/01/nabor_samolepka_en-150x150.png 150w, https://www.rodinnagymnastika.cz/wp-content/uploads/2026/01/nabor_samolepka_en-12x12.png 12w, https://www.rodinnagymnastika.cz/wp-content/uploads/2026/01/nabor_samolepka_en-200x200.png 200w, https://www.rodinnagymnastika.cz/wp-content/uploads/2026/01/nabor_samolepka_en-120x120.png 120w, https://www.rodinnagymnastika.cz/wp-content/uploads/2026/01/nabor_samolepka_en-370x370.png 370w" sizes="auto, (max-width: 150px) 100vw, 150px" /></a>
		</figure>
	</div>
</div></div></div></div>
</div>

Andrea Javůrková Patronka projektu a zakladatelka Bývala profesionální gymnastka a matka 10letého Andreje s PAS. Díky vlastní zkušenosti pomáhá dětem a rodičům překonávat bariéry, které vznikají při začleňování do běžné společnosti. Její tréninky spojují sportovní praxi s osobní zkušeností, kterou předává rodičům i dětem. Gabriela Machová Lektorka Zkušená gymnastka a [...]
